 by j(-7)?
4
Let m be 8/3 + (-6)/9. Suppose 0 = -4*s - q + 164, s - m*q = 24 + 17. Calculate the remainder when s is divided by 21.
20
Let x(p) = -p**3 + 4*p**2 + 3*p. Suppose -3*s = -63 - 39. What is the remainder when s is divided by x(4)?
10
Suppose 2*d - 221 = 199. Calculate the remainder when d is divided by 53.
51
Suppose 3*c = -0 + 30. Calculate the remainder when c/(-15) + (-113)/(-3) is divided by 13.
11
Let k(o) = 2*o**2 - 6*o + 1. Suppose -4 = -p + 21. Suppose -3 + p = 2*a. Calculate the remainder when k(5) is divided by a.
10
Suppose -12 = 2*o - 6*o. Let m(u) = 4*u**3 - 3*u**2 + 2*u + 2. Let x be m(o). Suppose 45 = 2*z - x. What is the remainder when z is divided by 23?
21
Let y = 122 + -67. What is the remainder when y is divided by 15?
10
Suppose 2*u - 28 + 14 = 0. Suppose -3 + 18 = 3*l. Suppose -l*k + 95 = -0. What is the remainder when k is divided by u?
5
Let a(s) = s**3 + 7*s**2 + 5. Let x be a(-7). Suppose 25 = -0*d + x*d. Calculate the remainder when 14 is divided by d.
4
Let q(i) = i**3 + 10*i**2 - 4*i - 14. What is the remainder when 101 is divided by q(-10)?
23
Suppose 4*u = 5*u. Suppose u = 4*q - 4 - 8. What is the remainder when (4/q)/((-2)/(-66)) is divided by 15?
14
Let o(j) = 2*j - 6. Suppose 4*a = 19 + 5. Calculate the remainder when 23 is divided by o(a).
5
Suppose -7*y = -3*y + 88. Let a = 12 + y. What is the remainder when 22 is divided by (-18)/(a/4 - -1)?
10
Let k = 8 + -2. What is the remainder when 21 is divided by k?
3
Let y(b) = -11*b - 5. Calculate the remainder when 55 is divided by y(-3).
27
Suppose -3*s = 2*r - 5*s + 664, 3*s = r + 332. Calculate the remainder when (-1)/(-4) - r/16 is divided by 12.
9
Suppose 0 = -9*f + 4*f + 100. Suppose -2*g - 6 = 0, -3*r - 2*g + 21 = 2*g. Calculate the remainder when f is divided by r.
9
Suppose 0 = -i - 20 + 31. What is the remainder when 39 is divided by i?
6
Suppose -2*k = -3*h - 23, -6*k + 29 = -k + 2*h. Calculate the remainder when (-3)/(-1)*20/3 is divided by k.
6
Let l = 47 + -34. Let g = 18 - l. Calculate the remainder when (2 - 4*2/8)*13 is divided by g.
3
What is the remainder when (-12)/16 + (-381)/(-12) is divided by (0 - 1)*(1 - 12)?
9
Let f be ((-5)/(-2))/(-1)*-2. Suppose -3*s + 2*y + 16 + 43 = 0, 0 = 5*s + f*y - 90. What is the remainder when s is divided by 5?
4
Suppose 2*u = 3*u - 3*o - 40, 0 = 5*u + 4*o - 124. Suppose -4*a + 21 + 39 = 0. Calculate the remainder when u is divided by a.
13
Let h = 3 + 15. Calculate the remainder when 62 is divided by h.
8
Let i(r) = -6*r - 1. What is the remainder when 66 is divided by i(-3)?
15
Let l = 2 - -1. Suppose 0 = l*n - 5 + 2. Calculate the remainder when 2 is divided by n.
0
Suppose z + p = -p + 16, 5*z - 92 = -4*p. What is the remainder when 77 is divided by z?
17
Let y(l) = l - 1. What is the remainder when 20 is divided by y(8)?
6
Let j(c) = -3*c**2 - c**2 + 6 + 3*c**2 - 5*c. Let o(y) = -y + 1. What is the remainder when o(-9) is divided by j(-5)?
4
Suppose 2*a + 3*a - 25 = 0. Suppose -48 = -a*k + 2*k. What is the remainder when (0 - 1) + 31 + 1 is divided by k?
15
Suppose 0 = 4*q - 2*q + 2. What is the remainder when q - (-4)/(-2)*-9 is divided by 5?
2
Suppose -6 = -3*b, 5*f + 2*b - 239 = -0*b. Let c(a) = -a**2 + 6*a + 10. What is the remainder when f is divided by c(6)?
7
Let a be (1 + 4)/((-1)/1). What is the remainder when (-183)/a + 3/(-5) is divided by 13?
10
Suppose -2*g = g - 105. Let x(n) = -6*n. What is the remainder when g is divided by x(-2)?
11
Let k(l) = l + 3. Calculate the remainder when 28 is divided by k(5).
4
Let o = -29 - -45. Suppose 0 = -2*q + 8, -7*v + 141 = -2*v - q. What is the remainder when v is divided by o?
13
Let p = 40 + -28. Calculate the remainder when p is divided by 5.
2
Let c(o) = -8*o - 29. What is the remainder when 73 is divided by c(-6)?
16
Suppose -4*w + 9 = 2*o - 7, 5*o - w - 73 = 0. Let u = 1 - 1. Suppose -3*h + 15 = -u. What is the remainder when o is divided by h?
4
Calculate the remainder when 1257/12 + 6/24 is divided by 18.
15
Suppose 5*p - 6*p + 18 = 0. What is the remainder when 70 is divided by p?
16
Let k be (-3)/(-5) - 4/(-10). Suppose 0 = 3*x + 5*z - k, -4*x + 2*z + 20 = 4*z. Let n = x - 3. What is the remainder when 10 is divided by n?
2
Suppose 2*n - 2 = -4, 0 = 5*b - 5*n - 85. Let r be b/(-24) - 22/(-6). What is the remainder when (-1)/(r/(-12)) - -1 is divided by 2?
1
Let z be (-3 - -1)*12/8. What is the remainder when 69 is divided by 3/(z/(-19)) + -1?
15
Let p = -72 - -214. Suppose 2 = -2*g + p. What is the remainder when g is divided by 18?
16
Let p = 4 + 2. Calculate the remainder when 7 is divided by p.
1
Suppose 2*i = -0*i + 8. Suppose -i*y + a - 1 = -29, 0 = -5*y - 5*a + 60. Calculate the remainder when 14 is divided by y.
6
Let w = -9 - -12. Suppose 2*g - 120 = -3*n, -n = w*g - 115 - 58. Calculate the remainder when g is divided by 20.
17
Let r = 7 + 2. What is the remainder when 3*9 + 1/(-1) is divided by r?
8
Suppose -4*p + 1 = -47. Let s = 24 - 56. Let w = 66 + s. What is the remainder when w is divided by p?
10
Let q(u) = -2*u**2 + 65*u - 49. Suppose -4*a = 2*o - 26, 0 = -2*o + 4*o + 5*a - 25. Calculate the remainder when q(31) is divided by o.
14
Let j(q) = 2*q + 10. Let s be j(-7). Let o be (-1)/s + 71/4. Let g = o + -10. What is the remainder when 14 is divided by g?
6
Let m(i) = -i**3 - 5*i**2 - i - 18. Let t = 102 - 32. What is the remainder when t is divided by m(-6)?
22
Let w(k) = 6 + 2*k + k**2 - 5 + 0*k**2. What is the remainder when 16 is divided by w(2)?
7
Let o(z) = 14*z + 5. What is the remainder when 96 is divided by o(2)?
30
Let t be -1 - 12/(-2) - -3. Suppose t*k - 6 = 6*k. What is the remainder when 3 is divided by k?
0
Let y(a) = -a**3 + 7*a**2 + 13*a - 11. What is the remainder when y(8) is divided by 16?
13
Let b(n) = -7*n**2 - 11*n + 19. Let y(x) = 4*x**2 + 5*x - 10. Let h(p) = -3*b(p) - 5*y(p). Calculate the remainder when 254/10 + 4/(-10) is divided by h(-10).
12
Suppose -34 = -4*x + 22. Let h be 7*1*(-6)/(-7). Suppose 2*v = -h, -2*c = -4*c + 3*v + 63. What is the remainder when c is divided by x?
13
Let g(a) = -a**3 + 5*a**2 - a. Let y be g(3). Suppose -4*l + 2*l = u - y, -2*u - 5*l = -33. What is the remainder when -1 - (60/(-2) + 3) is divided by u?
8
Let h(g) = 2*g**2 + 1. Suppose -s + 6 = 5*s. Calculate the remainder when h(1) is divided by s.
0
Let f(w) = 4*w**2 - 5*w - 1. Calculate the remainder when f(4) is divided by 9/3 - (-2 + -10).
13
Let x = 50 - 36. What is the remainder when 53 is divided by x?
11
Suppose 0 = -3*h + 52 + 5. Let b(l) = 2*l**2 - 6*l. Calculate the remainder when b(6) is divided by h.
17
Suppose 0 = -3*d - 2 - 97. Let l = d - -46. What is the remainder when l is divided by -4*(-1)/2 + 3?
3
Let a be 23/3 + (-16)/24. Let h(w) = w + 3. Calculate the remainder when 19 is divided by h(a).
9
Let z be 2*(-1*4 + 2). Let g(o) = -13*o + 1. Let f be g(z). Let m = f - 33. Calculate the remainder when m is divided by 7.
6
Let v be (-147)/2*2/3. Let y = 89 + v. Calculate the remainder when y is divided by 11.
7
Let t(c) = c + 1. Let p be t(5). Suppose -5*k + 9 = 3*s, 3 = s + 3*k - p*k. Suppose -f = 3*f, d - s*f = 8. Calculate the remainder when 14 is divided by d.
6
Suppose -23 = -3*c - 2. Suppose -q - o + c = 0, -q - o - 48 = -5*q. Calculate the remainder when 21 is divided by q.
10
Suppose 3*x - 5*w = 55, 0 = -2*x + 5*w + 60 - 20. Calculate the remainder when 44 is divided by x.
14
Let w be 2734/(-14) - 6/(-21). Let d = -107 - w. What is the remainder when d is divided by 30?
28
Let v be -3*-1*(3 + -2). Let t = 6 + v. What is the remainder when 25 is divided by t?
7
Suppose 2*p = 3*p. Suppose m + p*m = 17. Calculate the remainder when m is divided by 6.
5
Let v(s) = -16*s - 2. Let r = 20 + -8. What is the remainder when v(-3) is divided by r?
10
Suppose 2*p - 30 - 14 = 0. Suppose 3*a = -j + p, -2*a = -5*j + 3*j - 20. Let m(c) = -3*c**3 - 2*c**2 + c. What is the remainder when m(-2) is divided by a?
6
Let q(j) = 2*j - 11*j - 2*j + 1 - 5*j. Let u = 3 - -3. What is the remainder when q(-1) is divided by u?
5
Suppose 3*n - 102 = -4*a - a, 88 = 4*a - 4*n. Let s(t) = t + 11. What is the remainder when a is divided by s(0)?
10
Let w(i) = 3*i + 43. What is the remainder when w(-12) is divided by 1?
